ainder when (-9 - -3) + 8 - 64/(-2) is divided by f.
16
Let c be (33/(-77))/(1/(-7)). Suppose c*j = 9 - 0. Let t(d) = 5*d**2 - 2*d + 1. Calculate the remainder when t(1) is divided by j.
1
Calculate the remainder when 4*2/(-36) + 722/9 is divided by 27.
26
Let z(h) = h**2 + 9*h + 4. Let x be z(-8). Suppose -5*v + 0*s = -4*s + 54, s - 1 = 0. Calculate the remainder when (-13)/(-5) + x/v is divided by 2.
1
Let c = 6 + -2. Suppose -17 = -c*o + 99. What is the remainder when o is divided by 15?
14
Let t be (2*1)/(2/(-21)). Let b = t - -38. Suppose -5*j = 2*y + y - 259, -2*y = 4*j - 206. Calculate the remainder when j is divided by b.
16
Let v(d) = 3*d**2 + 4*d - 2. What is the remainder when 117 is divided by v(-4)?
27
Suppose -5*s = -10, 2*k - s = -3*k + 248. What is the remainder when k is divided by 17?
16
Let d be 40/(-12)*3/(-2). Let v be d/(10/228)*1. Suppose 121 = 5*n - v. Calculate the remainder when n is divided by 16.
15
Let z = 42 + -30. Let g(w) = w + 12. Let f be g(-10). Suppose -6 = f*n - 20. Calculate the remainder when z is divided by n.
5
Let b(r) = r**2 - 6*r + 1. Let c be b(6). Suppose -2*a = 3*l + 2*a + 7, c = -a. Calculate the remainder when 36 is divided by 20 + -2*l/(-2).
17
Suppose -2*d + 2 = 12. Suppose -66 = -5*g + 44. Let y = g + d. Calculate the remainder when 31 is divided by y.
14
Let v(r) = -r**3 + 6*r**2 + 4. Let u be v(3). Let y = u + 9. Suppose 61 = 3*h + 19. What is the remainder when y is divided by h?
12
Let o be 22/6 - (-3)/9. Suppose 4*x = 72 + o. Let y(q) = q**3 + 6*q**2 + 6*q + 2. Calculate the remainder when x is divided by y(-4).
9
Suppose -8 = -2*h - 2, 3*i = -5*h + 81. Calculate the remainder when 131 is divided by i.
21
Suppose -g + 17 = 3*r, 0*r - 4*r - 5*g + 19 = 0. Suppose 2 + r = f. Calculate the remainder when 23 is divided by f.
7
Let o = 3 + 0. Let x be 2 + (1 - 5) - -5. Suppose -4 = -x*k + 2*k. Calculate the remainder when k is divided by o.
1
Let r = 59 - 42. Let s(t) = -t**2 - t + 63. Let a be s(0). Suppose 2*c - 1 = a. Calculate the remainder when c is divided by r.
15
Suppose 0*m = -3*m - 3*g + 153, m = 5*g + 39. Calculate the remainder when m is divided by 13.
10
Suppose -2*v - 5*w + 8*w = -23, -26 = -2*v + 4*w. Calculate the remainder when v is divided by 2.
1
Let g(r) = -r**3 + 6*r**2 + 2*r. Suppose -2*m + 87 = -121. Let v = m - 70. What is the remainder when v is divided by g(6)?
10
Let d(x) = 2*x**2 + 8*x - 7. Calculate the remainder when d(-8) is divided by 15.
12
Calculate the remainder when ((-4)/(-3))/(11/495) is divided by 22.
16
Suppose 0 = -3*u - u + 48. Calculate the remainder when -1*(-68)/(-6)*-3 is divided by u.
10
Let r = 17 - -5. Suppose -6*y + 8*y - r = 0. Calculate the remainder when 20 is divided by y.
9
Suppose 3*u + 3*u - 72 = 0. What is the remainder when 46 is divided by u?
10
Calculate the remainder when 119 is divided by (4/(-3)*-15)/1.
19
Let u = -4 - -11. Suppose -15*m = -17*m + 38. Calculate the remainder when m is divided by u.
5
Let r = 36 - 24. What is the remainder when 46 is divided by r?
10
What is the remainder when 14 is divided by (20/(-5))/(4/(-1))?
0
Let u = -10 - -27. What is the remainder when u is divided by 6?
5
Let r be (-11)/9 + 6/27. Let d = 4 + r. Let f(i) = 6*i - 4. Calculate the remainder when 26 is divided by f(d).
12
Let s = 52 + -28. Let k = 4 + 67. What is the remainder when k is divided by s?
23
Suppose 0 = -3*d - 8 - 1. Let n = -4 - d. Let p(j) = -3*j**3 - j**2 - j. Calculate the remainder when 8 is divided by p(n).
2
Let l = -17 + 19. Suppose 1 - 9 = -4*x. Let r = x + 1. What is the remainder when r is divided by l?
1
Let h(t) = -t**2 + t. Let w(j) = -4*j**3 + 9*j**2 - 6*j - 4. Let l(k) = -4*h(k) - w(k). What is the remainder when l(3) is divided by 25?
23
Suppose 116 = 2*a + 2*a. Suppose a - 9 = i. What is the remainder when i is divided by 7?
6
Suppose 4*h = 3*c + 5*h - 44, 40 = 3*c + 5*h. Let t = c - 5. What is the remainder when 28 is divided by t?
8
Suppose 5*p + 6 = 36. Let x(q) = 4*q + 22. What is the remainder when p is divided by x(-5)?
0
Let q(w) = -8*w + 8. Let z be q(-4). Suppose 0 = -p - p + z. What is the remainder when 77 is divided by p?
17
Suppose a + 8*m = 5*m + 13, 4*a = 4*m + 116. What is the remainder when 99 is divided by a?
24
Let j(n) = 17*n + 1. Let s(x) = x**3 + 5*x**2 - x - 11. Calculate the remainder when j(2) is divided by s(-4).
8
Suppose 83 = j - 4*r, 111 = 3*j + 5*r - 87. Suppose j = n - 21. What is the remainder when (6/4)/(3/n) is divided by 24?
22
Let v = 70 - 57. Calculate the remainder when v is divided by 2.
1
Let v = 18 + 3. Let c = -62 - -70. What is the remainder when v is divided by c?
5
Suppose 5*h = 2*h - 5*n + 71, h + n = 21. What is the remainder when 65 is divided by h?
14
Let q = -15 + 17. Suppose 19 = 3*x - q. Calculate the remainder when 24 is divided by x.
3
Suppose 1 = 3*c - 275. Calculate the remainder when c is divided by 19.
16
What is the remainder when 33 is divided by (-5)/(-15)*9 + 2/(-2)?
1
Suppose 2*u = 167 - 41. What is the remainder when u is divided by 13?
11
Suppose -7*i + 9*i + 74 = 4*y, 0 = 4*y + 4*i - 80. Calculate the remainder when y is divided by 14.
5
Suppose p = -p + 44. What is the remainder when p is divided by 12?
10
Let r be 5*-6*(-8)/(-6). Calculate the remainder when 11 is divided by (-4)/(-14) + r/(-7).
5
Let d(j) = -6*j**2 + 0*j**2 + 7*j**2 + 3*j. Calculate the remainder when 7 is divided by d(-4).
3
Let w = 12 - 7. Suppose x = -3*c + 18 - 5, -2*c = w*x - 13. Calculate the remainder when (7 - c)*(-19)/(-3) is divided by 11.
8
Suppose -4*q + 25 - 1 = 0. Suppose -3*m = 3*u - 84, u + 3*u - 109 = -5*m. Calculate the remainder when u is divided by ((-11)/(-2))/(3/q).
9
Suppose -10 = 5*t - 25. What is the remainder when 27 is divided by t?
0
Let n(x) = x**2 - 18*x + 3. Calculate the remainder when n(19) is divided by 15.
7
Let b = 91 - 89. What is the remainder when 7 is divided by b?
1
Let s = -56 + 93. Suppose -l - s = -4*l - 2*z, -z - 49 = -3*l. What is the remainder when 44 is divided by l?
14
Suppose 7*b - 3*v - 33 = 3*b, -4*v - 12 = 0. What is the remainder when 13 is divided by b?
1
Suppose 252 = 2*q + 5*i, 0*i - i = -4. What is the remainder when q is divided by 17?
14
Let z = 1 - 1. Suppose -6*m + 4*b + 38 = -3*m, z = -5*m - 2*b + 46. What is the remainder when 37 is divided by m?
7
Let u(k) = -k**3 + k**2 + k + 18. Calculate the remainder when 160 is divided by u(0).
16
Suppose -4*l + 62 = 5*u, -2*l + 19 = u - 15. What is the remainder when 35 is divided by l?
17
Let t(d) = 4*d + 5. Let f(g) be the second derivative of -2*g**3/3 - 3*g**2/2 - g. Let l be f(-2). Calculate the remainder when t(l) is divided by 9.
7
Let q(y) = y**2 - 5*y + 22. What is the remainder when 182 is divided by q(8)?
44
Let q = -27 - -48. Suppose -4*p - 3*r + 17 = 0, -3*p - 5*r + 17 = -4. Suppose p*j - 53 = -j + 5*y, 14 = 2*j + 2*y. What is the remainder when q is divided by j?
10
Suppose -13*a + 9*a = -48. What is the remainder when 47 is divided by a?
11
Suppose 2*w = w. What is the remainder when w - (0 + 24)/(-1) is divided by 13?
11
Let t(f) = -f + 0*f + f + f**2 - f. Let q(r) = -6*r**2 + 10*r + 3. Let a(d) = q(d) + 5*t(d). Calculate the remainder when a(4) is divided by 3.
1
Let s = 16 - 5. What is the remainder when s is divided by 7?
4
Let u(p) = -7*p**3 + p**2 + 8*p + 1. Let z(r) = 7*r**3 - r**2 - 7*r - 1. Let m(j) = -6*u(j) - 7*z(j). Calculate the remainder when 22 is divided by m(-1).
6
Suppose -2*b + 7 = -b. Calculate the remainder when 31 is divided by b.
3
Suppose 2*v - 3*t - 35 = 0, 0*t = 3*v + 4*t - 10. Suppose v = -2*n, -m - 2*m + 5*n = -46. Calculate the remainder when 25 is divided by m.
4
Let w(g) = g**3 - 9*g**2 + 11*g + 3. Let s be w(8). Suppose -4*u + 2*p - 64 + 244 = 0, s = u + 4*p. What is the remainder when u is divided by 15?
13
Let h(y) = -57*y + 4. Calculate the remainder when h(-1) is divided by 16.
13
Let l(w) = -3*w**3 + w**2 + 2*w + 12. Let t(j) = 10*j**3 - 3*j**2 - 7*j - 37. Let k(s) = 7*l(s) + 2*t(s). Calculate the remainder when 29 is divided by k(0).
9
Calculate the remainder when (2 + 1)/((-5)/(-115)) is divided by 18.
15
Let x be ((-4)/(-8))/(1/(-10)). Let d = -1 - x. Suppose -d*b = 2*p - 28, 3*b + 0*b = p + 26. What is the remainder 